 8/(-5))*-80. Let m = -45 - 17. Let f = m - -110. What is the highest common divisor of f and q?
16
Let a = 131 - 111. Let s = 13 - 3. What is the greatest common divisor of s and a?
10
Suppose -10*d = -8*d - 36. Suppose 0 = -3*p, -2*o = 3*o + 3*p + 50. Let b = 2 - o. Calculate the greatest common factor of d and b.
6
Suppose -4*m + 42 = 14. What is the highest common factor of 7 and m?
7
Let y = 1327 - 909. What is the greatest common divisor of y and 38?
38
Suppose -5*i = j - 219 - 53, -46 = -i - 3*j. Calculate the highest common divisor of i and 22.
11
Let q = 22 + -8. Suppose 2*v + 24 = 3*o - q, -4*v - 36 = -2*o. Calculate the greatest common factor of o and 15.
5
Suppose 0 = -5*i - 21 - 24. Suppose -4*d = -2*q, -4*q + d + 12 = 5*d. Let u be (q/(-3))/(6/i). What is the highest common factor of 11 and u?
1
Suppose -4*h + 3*r - 4 + 13 = 0, -3*r = 9. Suppose d - 27 - 117 = h. Calculate the highest common factor of d and 18.
18
Let h = 1 + -1. Suppose -x + 4*x - 36 = h. Suppose -3*c - 32 = -7*c. What is the highest common factor of x and c?
4
Suppose 5*c + 7 = 2*l, l + 0*l + c = 21. Calculate the highest common divisor of l and 16.
16
Let s be (-108 - -2)/(20/(-50)). Calculate the greatest common divisor of 53 and s.
53
Let z(o) = o**3 + 14*o**2 - o - 1. Let n be z(-14). Calculate the greatest common divisor of 26 and n.
13
Let n(s) = 5*s + 36. Let w be n(-7). What is the highest common divisor of 9 and w?
1
Suppose -5*f - 30 = 25. Suppose -q + 40 = -g, 3*q + q - 172 = g. Let v be (-64)/f + 8/q. What is the greatest common factor of v and 6?
6
Let v(y) = 8*y + 4. Let l be v(3). What is the greatest common factor of l and 84?
28
Let t be 0/2 - (1 - 4). Suppose t*p - 6 = 2*p. What is the highest common factor of p and 42?
6
Let r(t) = -t**3 - 6*t**2 + 8*t + 10. Let z be r(-7). Suppose -z*j - 120 = -6*j. What is the highest common divisor of 16 and j?
8
Let b(a) = 5*a**2 + 8*a - 9. Let l be b(-7). Suppose -2*y - y - l = -j, j = -2*y + 160. Let z = j + -98. What is the greatest common factor of 10 and z?
10
Suppose -2*z - 16 = -6*z. Calculate the highest common divisor of 10 and z.
2
Let t be -8*(-2 + 2/4). Let m = -9 - -4. Let q = t + m. Calculate the greatest common factor of q and 42.
7
Let s be (0 - -1) + -7 + 15. Calculate the highest common factor of 45 and s.
9
Let t be (-1)/(-3)*295 + 4/(-12). Calculate the highest common divisor of t and 14.
14
Let d(h) = -h + 2. Let s be d(-2). Let z be (s - -1)/((-4)/(-36)). What is the greatest common divisor of 9 and z?
9
Let h(y) = -y**3 + 4*y**2 + 2*y - 2. Let b be h(4). Let q = -2 - -8. What is the greatest common divisor of q and b?
6
Let b(o) = -o**3 - 6*o**2 + 5*o + 7. Let l(k) = k**3 - 8*k**2 + 5*k + 6. Let p be l(7). Let u be b(p). Calculate the greatest common divisor of 38 and u.
19
Let w(m) = -5*m - 5. Let x(i) = 6*i + 6. Let f(n) = 7*w(n) + 6*x(n). Suppose 0 = k - 2 - 0. Let c be f(k). What is the highest common factor of 24 and c?
3
Let c(d) = -d + 1. Let g be c(1). Suppose -3*z + g*z = -180. Calculate the greatest common divisor of 12 and z.
12
Let y = -4 + 14. Suppose n = -y + 4. Let x = 13 + n. What is the greatest common divisor of x and 28?
7
Suppose 10*n + 50 = 15*n. What is the highest common factor of n and 10?
10
Let u = -2 - 5. Let j = 178 - 105. Let w = j + u. Calculate the highest common divisor of w and 11.
11
Let j = -1 - -6. Calculate the highest common factor of j and 15.
5
Suppose 0 = 3*y + 5*l - 61, 4*l - 29 = -3*y + 33. Suppose -q + 94 = 4*z - 5*z, -2*q = z - 200. Let w = -32 + q. Calculate the greatest common factor of w and y.
22
Let d be 2*((-2)/(-2) + 1). Suppose 0 = -d*m - m - 15. Let v be 10/m*(-45)/6. Calculate the greatest common factor of v and 250.
25
Let l = 303 + -186. Let f = 0 - -22. Let b = -9 + f. Calculate the highest common divisor of l and b.
13
Let d(y) = -2*y + 0*y + 9 + y. Let v be d(4). Suppose 4*x = -4*r + 20, -r - 2*r - 35 = -2*x. Calculate the highest common divisor of v and x.
5
Suppose -8*o + 64 + 16 = 0. Calculate the highest common factor of 40 and o.
10
Suppose -2*l = d - 103, -5*d + 10*d - 2*l - 491 = 0. Let k(c) = -2*c**2 + 3*c + 4. Let w be k(4). Let o = w + 27. What is the highest common divisor of d and o?
11
Suppose -2*a - 783 = -5*u, -3*a = -u + 2*a + 175. What is the greatest common divisor of u and 5?
5
Suppose -2*f = -7*f + 30. Calculate the greatest common divisor of 24 and f.
6
Let s be (-3 + 2)/(2/(-38)). Let k = 28 - s. Calculate the greatest common factor of k and 99.
9
Let u(d) = d**3 - 9*d**2 + 9*d - 11. Let c be u(8). Let y = c - -20. Calculate the highest common factor of y and 153.
17
Let s be 770/8 + (-4)/16. What is the highest common factor of 32 and s?
32
Suppose -2*v = -s + 30, -4 = -5*v + 11. Suppose -2*d + 196 = 4*r, r = 5*d - 0*r - 446. What is the greatest common divisor of d and s?
18
Let p = -57 + 85. Calculate the highest common factor of 7 and p.
7
Let h be 1/(2 + 70/(-36)). What is the greatest common divisor of h and 12?
6
Suppose -1 = -k + 6. Suppose -c - 4*c + 254 = -3*j, -c = 4*j - 37. Calculate the greatest common divisor of c and k.
7
Let l be 16/(-40) + (-12)/(-5). Suppose 4*v + o + l*o - 17 = 0, -4*o + 14 = v. Suppose -j = -v*j + 7. Calculate the highest common factor of j and 56.
7
Let n(p) = p**3 - p + 4. Let q be n(0). Let v = 11 - q. What is the highest common divisor of 21 and v?
7
Suppose 0 = -a + 24 - 22. What is the highest common factor of 8 and a?
2
Suppose q + 2*f + 9 = -2, -5*q - 3*f = 27. Let a = -44 - -31. Let k be (-2)/(-1) - (q + a). Calculate the greatest common factor of k and 54.
18
Let x = 6 - 2. Suppose 6 - 14 = -3*k - 2*d, 3*k + x*d - 16 = 0. Suppose k = -5*y + 3*y + 36. What is the greatest common factor of y and 45?
9
Let w be 2*14*2/8. Calculate the greatest common divisor of w and 63.
7
Suppose -4*c = -0*c - 3*f - 72, 3*f + 36 = 2*c. Suppose -2*h = -2*v - v - 36, 0 = -5*h - v + 56. Calculate the greatest common divisor of h and c.
6
Suppose 0*k = -5*k. Suppose k = 3*j + 2*j - 550. Let m be 30*1*5/15. What is the greatest common factor of m and j?
10
Let s = 125 - 116. Let w(j) = -j**3 + 5*j**2 - 5*j + 3. Let g be w(3). What is the greatest common factor of g and s?
3
Suppose 0 = 4*b + b - 5. Let w be 2 - (-76)/2*b. Calculate the highest common factor of 16 and w.
8
Let k = 158 + -105. Let c = k + -20. Calculate the greatest common factor of c and 11.
11
Suppose -2*u = 2*u - 4*t - 40, -56 = -4*u - 4*t. Let n(j) = -14*j + 60. Let b be n(0). Calculate the highest common factor of u and b.
12
Suppose 0 = 3*g - 15 - 12. Suppose -1 = n + g. Let b be (-3)/15 - 602/n. What is the greatest common factor of b and 15?
15
Let u = -41 - -61. Let b = -174 + 214. What is the highest common factor of u and b?
20
Suppose 0 = 3*u + 3*z + 30, 0*u - 31 = 4*u + z. Let o(k) = -k**2 - 9*k - 6. Let a be o(u). Calculate the greatest common factor of a and 56.
8
Let p = -1 - -2. Suppose -u + 40 = -0*u. Suppose 0*y + 5*y = u. What is the greatest common divisor of y and p?
1
Let g be 22/11*(-2)/(-12)*36. Calculate the highest common factor of 12 and g.
12
Let v(b) = 3*b**2 + 13. Let f be v(6). Let o be (-2)/(-1 - 18/(-22)). What is the greatest common factor of o and f?
11
Suppose 23 = -2*a + 75. Suppose -3*z + 106 = -89. What is the greatest common factor of z and a?
13
Suppose 700 = s + 4*s. Calculate the greatest common divisor of s and 20.
20
Suppose 10 = 2*s, 4*s + 52 = 2*u + u. Let k be u*(2 - 3/6). Calculate the highest common factor of 12 and k.
12
Suppose -3*z = -0*z - 18. What is the greatest common divisor of 24 and z?
6
Let y(i) = 2 - 2*i - 16 - 5. Let l be y(-10). Calculate the highest common divisor of 3 and l.
1
Let z(b) = -b**2 + 9*b + 13. Let q be z(8). Calculate the greatest common divisor of q and 21.
21
Suppose 0*i + 2 = -2*i. Let g be i + 1 + 1 + 64. Calculate the greatest common divisor of g and 26.
13
Suppose 4*j + 0*j = 0, 2*m + 2*j - 18 = 0. What is the highest common factor of 99 and m?
9
Let x = 28 - 23. Let q(d) = -d**3 - 5*d**2 - 5*d. Let o be q(-5). What is the greatest common factor of o and x?
5
Let t = -27 + 32. What is the highest common factor of 1 and t?
1
Suppose -7*g + 15 = -6*g. What is the greatest common divisor of 15 and g?
15
Let x(z) = -z**3 - 3*z**2 